{"id":3198,"date":"2024-05-17T00:31:49","date_gmt":"2024-05-17T03:31:49","guid":{"rendered":"https:\/\/www.lathrop.legal\/equipo\/jose-maria-diez-l\/"},"modified":"2025-03-14T13:25:04","modified_gmt":"2025-03-14T16:25:04","slug":"jose-maria-diez-l","status":"publish","type":"team","link":"https:\/\/www.lathrop.legal\/en\/equipo\/jose-maria-diez-l\/","title":{"rendered":"Jos\u00e9 Mar\u00eda Diez Lempereur de Saint Pierre"},"content":{"rendered":"<p>Experience Jos\u00e9 Mar\u00eda is in charge of the tax team at the firm. For over 12 years, he has been dedicated to advising companies and family groups on tax matters. This includes corporate reorganization, family tax planning, as well as support in audit processes with the SII and judicial procedures with the Tax and Customs Courts.<\/p>\n<p>Additionally, he is a professor of the Diploma in Tax Analysis and Planning offered by the Pontifical Catholic University of Chile. Jos\u00e9 Mar\u00eda has participated as a speaker in various seminars, both in Chile and abroad. He has also published articles in specialized tax law journals in various countries.<\/p>\n<p>&nbsp;<\/p>\n<p> \tPartner at Recabarren &amp; Asociados (2021 &#8211; 2024).<br \/>\n \tSenior Associate of the Tax Advisory team at Recabarren &amp; Asociados (2015 &#8211; 2020).<br \/>\n \tSenior Associate of the Tax Advisory team at Ernst &amp; Young (2012 &#8211; 2015).<br \/>\n Academic background Languages Activities and memberships Member of the International Fiscal Association (IFA). Member of the Bar Association.  Contenido relacionado 0<\/p>\n","protected":false},"excerpt":{"rendered":"<p>Experience Jos\u00e9 Mar\u00eda is in charge of the tax team at the firm. For over 12 years, he has been dedicated to advising companies and family groups on tax matters. This includes corporate reorganization, family tax planning, as well as support in audit processes with the SII and judicial procedures with the Tax and Customs [&hellip;]<\/p>\n","protected":false},"author":7,"menu_order":3,"template":"","team_occupation":[97,98],"practice_area":[101,131,102,105,106,108],"industry":[109,135,117,136,120,121,122,116,119],"class_list":["post-3198","team","type-team","status-publish","hentry","team_occupation-partner","team_occupation-partners","practice_area-corporate-mergers-acquisitions","practice_area-energy","practice_area-family-businesses","practice_area-foreign-investment","practice_area-private-client-wealth-management-en","practice_area-tax","industry-agricultural","industry-energy","industry-financial","industry-forestry","industry-investments","industry-logistics","industry-manufacturing","industry-philanthropy","industry-real-estate"],"acf":[],"yoast_head":"<!-- This site is optimized with the Yoast SEO plugin v24.9 - https:\/\/yoast.com\/wordpress\/plugins\/seo\/ -->\n<title>Jos\u00e9 Mar\u00eda Diez Lempereur de Saint Pierre - Lathrop Mujica Herrera &amp; Diez Abogados<\/title>\n<meta name=\"robots\" content=\"index, follow, max-snippet:-1, max-image-preview:large, max-video-preview:-1\" \/>\n<link rel=\"canonical\" href=\"https:\/\/www.lathrop.legal\/en\/equipo\/jose-maria-diez-l\/\" \/>\n<meta property=\"og:locale\" content=\"en_US\" \/>\n<meta property=\"og:type\" content=\"article\" \/>\n<meta property=\"og:title\" content=\"Jos\u00e9 Mar\u00eda Diez Lempereur de Saint Pierre - Lathrop Mujica Herrera &amp; Diez Abogados\" \/>\n<meta property=\"og:description\" content=\"Experience Jos\u00e9 Mar\u00eda is in charge of the tax team at the firm. For over 12 years, he has been dedicated to advising companies and family groups on tax matters. This includes corporate reorganization, family tax planning, as well as support in audit processes with the SII and judicial procedures with the Tax and Customs [&hellip;]\" \/>\n<meta property=\"og:url\" content=\"https:\/\/www.lathrop.legal\/en\/equipo\/jose-maria-diez-l\/\" \/>\n<meta property=\"og:site_name\" content=\"Lathrop Mujica Herrera &amp; Diez Abogados\" \/>\n<meta property=\"article:modified_time\" content=\"2025-03-14T16:25:04+00:00\" \/>\n<meta name=\"twitter:card\" content=\"summary_large_image\" \/>\n<meta name=\"twitter:label1\" content=\"Est. reading time\" \/>\n\t<meta name=\"twitter:data1\" content=\"1 minute\" \/>\n<script type=\"application\/ld+json\" class=\"yoast-schema-graph\">{\"@context\":\"https:\/\/schema.org\",\"@graph\":[{\"@type\":\"WebPage\",\"@id\":\"https:\/\/www.lathrop.legal\/en\/equipo\/jose-maria-diez-l\/\",\"url\":\"https:\/\/www.lathrop.legal\/en\/equipo\/jose-maria-diez-l\/\",\"name\":\"Jos\u00e9 Mar\u00eda Diez Lempereur de Saint Pierre - Lathrop Mujica Herrera &amp; Diez Abogados\",\"isPartOf\":{\"@id\":\"https:\/\/www.lathrop.legal\/en\/#website\"},\"datePublished\":\"2024-05-17T03:31:49+00:00\",\"dateModified\":\"2025-03-14T16:25:04+00:00\",\"breadcrumb\":{\"@id\":\"https:\/\/www.lathrop.legal\/en\/equipo\/jose-maria-diez-l\/#breadcrumb\"},\"inLanguage\":\"en-US\",\"potentialAction\":[{\"@type\":\"ReadAction\",\"target\":[\"https:\/\/www.lathrop.legal\/en\/equipo\/jose-maria-diez-l\/\"]}]},{\"@type\":\"BreadcrumbList\",\"@id\":\"https:\/\/www.lathrop.legal\/en\/equipo\/jose-maria-diez-l\/#breadcrumb\",\"itemListElement\":[{\"@type\":\"ListItem\",\"position\":1,\"name\":\"Home\",\"item\":\"https:\/\/www.lathrop.legal\/en\/\"},{\"@type\":\"ListItem\",\"position\":2,\"name\":\"Jos\u00e9 Mar\u00eda Diez Lempereur de Saint Pierre\"}]},{\"@type\":\"WebSite\",\"@id\":\"https:\/\/www.lathrop.legal\/en\/#website\",\"url\":\"https:\/\/www.lathrop.legal\/en\/\",\"name\":\"Lathrop Mujica Herrera &amp; Diez Abogados\",\"description\":\"\",\"potentialAction\":[{\"@type\":\"SearchAction\",\"target\":{\"@type\":\"EntryPoint\",\"urlTemplate\":\"https:\/\/www.lathrop.legal\/en\/?s={search_term_string}\"},\"query-input\":{\"@type\":\"PropertyValueSpecification\",\"valueRequired\":true,\"valueName\":\"search_term_string\"}}],\"inLanguage\":\"en-US\"}]}<\/script>\n<!-- \/ Yoast SEO plugin. -->","yoast_head_json":{"title":"Jos\u00e9 Mar\u00eda Diez Lempereur de Saint Pierre - Lathrop Mujica Herrera &amp; Diez Abogados","robots":{"index":"index","follow":"follow","max-snippet":"max-snippet:-1","max-image-preview":"max-image-preview:large","max-video-preview":"max-video-preview:-1"},"canonical":"https:\/\/www.lathrop.legal\/en\/equipo\/jose-maria-diez-l\/","og_locale":"en_US","og_type":"article","og_title":"Jos\u00e9 Mar\u00eda Diez Lempereur de Saint Pierre - Lathrop Mujica Herrera &amp; Diez Abogados","og_description":"Experience Jos\u00e9 Mar\u00eda is in charge of the tax team at the firm. For over 12 years, he has been dedicated to advising companies and family groups on tax matters. This includes corporate reorganization, family tax planning, as well as support in audit processes with the SII and judicial procedures with the Tax and Customs [&hellip;]","og_url":"https:\/\/www.lathrop.legal\/en\/equipo\/jose-maria-diez-l\/","og_site_name":"Lathrop Mujica Herrera &amp; Diez Abogados","article_modified_time":"2025-03-14T16:25:04+00:00","twitter_card":"summary_large_image","twitter_misc":{"Est. reading time":"1 minute"},"schema":{"@context":"https:\/\/schema.org","@graph":[{"@type":"WebPage","@id":"https:\/\/www.lathrop.legal\/en\/equipo\/jose-maria-diez-l\/","url":"https:\/\/www.lathrop.legal\/en\/equipo\/jose-maria-diez-l\/","name":"Jos\u00e9 Mar\u00eda Diez Lempereur de Saint Pierre - Lathrop Mujica Herrera &amp; Diez Abogados","isPartOf":{"@id":"https:\/\/www.lathrop.legal\/en\/#website"},"datePublished":"2024-05-17T03:31:49+00:00","dateModified":"2025-03-14T16:25:04+00:00","breadcrumb":{"@id":"https:\/\/www.lathrop.legal\/en\/equipo\/jose-maria-diez-l\/#breadcrumb"},"inLanguage":"en-US","potentialAction":[{"@type":"ReadAction","target":["https:\/\/www.lathrop.legal\/en\/equipo\/jose-maria-diez-l\/"]}]},{"@type":"BreadcrumbList","@id":"https:\/\/www.lathrop.legal\/en\/equipo\/jose-maria-diez-l\/#breadcrumb","itemListElement":[{"@type":"ListItem","position":1,"name":"Home","item":"https:\/\/www.lathrop.legal\/en\/"},{"@type":"ListItem","position":2,"name":"Jos\u00e9 Mar\u00eda Diez Lempereur de Saint Pierre"}]},{"@type":"WebSite","@id":"https:\/\/www.lathrop.legal\/en\/#website","url":"https:\/\/www.lathrop.legal\/en\/","name":"Lathrop Mujica Herrera &amp; Diez Abogados","description":"","potentialAction":[{"@type":"SearchAction","target":{"@type":"EntryPoint","urlTemplate":"https:\/\/www.lathrop.legal\/en\/?s={search_term_string}"},"query-input":{"@type":"PropertyValueSpecification","valueRequired":true,"valueName":"search_term_string"}}],"inLanguage":"en-US"}]}},"_links":{"self":[{"href":"https:\/\/www.lathrop.legal\/en\/wp-json\/wp\/v2\/team\/3198","targetHints":{"allow":["GET"]}}],"collection":[{"href":"https:\/\/www.lathrop.legal\/en\/wp-json\/wp\/v2\/team"}],"about":[{"href":"https:\/\/www.lathrop.legal\/en\/wp-json\/wp\/v2\/types\/team"}],"author":[{"embeddable":true,"href":"https:\/\/www.lathrop.legal\/en\/wp-json\/wp\/v2\/users\/7"}],"version-history":[{"count":4,"href":"https:\/\/www.lathrop.legal\/en\/wp-json\/wp\/v2\/team\/3198\/revisions"}],"predecessor-version":[{"id":3363,"href":"https:\/\/www.lathrop.legal\/en\/wp-json\/wp\/v2\/team\/3198\/revisions\/3363"}],"wp:attachment":[{"href":"https:\/\/www.lathrop.legal\/en\/wp-json\/wp\/v2\/media?parent=3198"}],"wp:term":[{"taxonomy":"team_occupation","embeddable":true,"href":"https:\/\/www.lathrop.legal\/en\/wp-json\/wp\/v2\/team_occupation?post=3198"},{"taxonomy":"practice_area","embeddable":true,"href":"https:\/\/www.lathrop.legal\/en\/wp-json\/wp\/v2\/practice_area?post=3198"},{"taxonomy":"industry","embeddable":true,"href":"https:\/\/www.lathrop.legal\/en\/wp-json\/wp\/v2\/industry?post=3198"}],"curies":[{"name":"wp","href":"https:\/\/api.w.org\/{rel}","templated":true}]}}

José María Diez Lempereur de Saint Pierre

<p>Experience José María is in charge of the tax team at the firm. For over 12 years, he has been dedicated to advising companies and family groups on tax matters. This includes corporate reorganization, family tax planning, as well as support in audit processes with the SII and judicial procedures with the Tax and Customs Courts.</p>
<p>Additionally, he is a professor of the Diploma in Tax Analysis and Planning offered by the Pontifical Catholic University of Chile. José María has participated as a speaker in various seminars, both in Chile and abroad. He has also published articles in specialized tax law journals in various countries.</p>
<p>&nbsp;</p>
<p> 	Partner at Recabarren &amp; Asociados (2021 &#8211; 2024).<br />
 	Senior Associate of the Tax Advisory team at Recabarren &amp; Asociados (2015 &#8211; 2020).<br />
 	Senior Associate of the Tax Advisory team at Ernst &amp; Young (2012 &#8211; 2015).<br />
 Academic background Languages Activities and memberships Member of the International Fiscal Association (IFA). Member of the Bar Association.  Contenido relacionado 0</p>

<p>Experience José María is in charge of the tax team at the firm. For over 12 years, he has been dedicated to advising companies and family groups on tax matters. This includes corporate reorganization, family tax planning, as well as support in audit processes with the SII and judicial procedures with the Tax and Customs [&hellip;]</p>

<!-- This site is optimized with the Yoast SEO plugin v24.9 - https://yoast.com/wordpress/plugins/seo/ -->
<title>José María Diez Lempereur de Saint Pierre - Lathrop Mujica Herrera &amp; Diez Abogados</title>
<meta name="robots" content="index, follow, max-snippet:-1, max-image-preview:large, max-video-preview:-1" />
<link rel="canonical" href="https://www.lathrop.legal/en/equipo/jose-maria-diez-l/" />
<meta property="og:locale" content="en_US" />
<meta property="og:type" content="article" />
<meta property="og:title" content="José María Diez Lempereur de Saint Pierre - Lathrop Mujica Herrera &amp; Diez Abogados" />
<meta property="og:description" content="Experience José María is in charge of the tax team at the firm. For over 12 years, he has been dedicated to advising companies and family groups on tax matters. This includes corporate reorganization, family tax planning, as well as support in audit processes with the SII and judicial procedures with the Tax and Customs [&hellip;]" />
<meta property="og:url" content="https://www.lathrop.legal/en/equipo/jose-maria-diez-l/" />
<meta property="og:site_name" content="Lathrop Mujica Herrera &amp; Diez Abogados" />
<meta property="article:modified_time" content="2025-03-14T16:25:04+00:00" />
<meta name="twitter:card" content="summary_large_image" />
<meta name="twitter:label1" content="Est. reading time" />
	<meta name="twitter:data1" content="1 minute" />
<script type="application/ld+json" class="yoast-schema-graph">{"@context":"https://schema.org","@graph":[{"@type":"WebPage","@id":"https://www.lathrop.legal/en/equipo/jose-maria-diez-l/","url":"https://www.lathrop.legal/en/equipo/jose-maria-diez-l/","name":"José María Diez Lempereur de Saint Pierre - Lathrop Mujica Herrera &amp; Diez Abogados","isPartOf":{"@id":"https://www.lathrop.legal/en/#website"},"datePublished":"2024-05-17T03:31:49+00:00","dateModified":"2025-03-14T16:25:04+00:00","breadcrumb":{"@id":"https://www.lathrop.legal/en/equipo/jose-maria-diez-l/#breadcrumb"},"inLanguage":"en-US","potentialAction":[{"@type":"ReadAction","target":["https://www.lathrop.legal/en/equipo/jose-maria-diez-l/"]}]},{"@type":"BreadcrumbList","@id":"https://www.lathrop.legal/en/equipo/jose-maria-diez-l/#breadcrumb","itemListElement":[{"@type":"ListItem","position":1,"name":"Home","item":"https://www.lathrop.legal/en/"},{"@type":"ListItem","position":2,"name":"José María Diez Lempereur de Saint Pierre"}]},{"@type":"WebSite","@id":"https://www.lathrop.legal/en/#website","url":"https://www.lathrop.legal/en/","name":"Lathrop Mujica Herrera &amp; Diez Abogados","description":"","potentialAction":[{"@type":"SearchAction","target":{"@type":"EntryPoint","urlTemplate":"https://www.lathrop.legal/en/?s={search_term_string}"},"query-input":{"@type":"PropertyValueSpecification","valueRequired":true,"valueName":"search_term_string"}}],"inLanguage":"en-US"}]}</script>
<!-- / Yoast SEO plugin. -->

José María Diez Lempereur de Saint Pierre - Lathrop Mujica Herrera &amp; Diez Abogados

Experience José María is in charge of the tax team at the firm. For over 12 years, he has been dedicated to advising companies and family groups on tax matters. This includes corporate reorganization, family tax planning, as well as support in audit processes with the SII and judicial procedures with the Tax and Customs [&hellip;]
